 d(q) = 8076*q - q**3 - 8081*q + 8 - 9 - 7*q**2. Determine d(g).
-7
Let x(w) be the third derivative of w**5/30 - 5*w**4/24 + 13*w**3/6 - 1266*w**2. Calculate x(4).
25
Let k(m) be the second derivative of m**3/3 + 3*m**2 + 634*m - 2. Give k(5).
16
Let l(u) = u**2 - 6*u - 3. Let s(x) = x**3 + 5*x**2 - 26*x - 8. Let z be s(-8). Let v be l(z). Let m(d) = d**2 - 14*d + 17. What is m(v)?
4
Let l(g) = -10*g**2 - g**3 + 105*g - 53*g - 42*g - 1. Suppose -3*m - 9 - 16 = 2*s, 2*m - 9 = s. Give l(s).
10
Let f(r) = r**3 + 10*r**2 - 12*r - 8. Let g = -50 - -53. Let m(w) = w**3 + 11*w**2 - 12*w - 9. Let q(x) = g*f(x) - 2*m(x). What is q(-9)?
21
Let b(l) = -7*l**3 - 3*l**2 + 3*l - 1. Suppose -35 = -10*q - 5. Suppose 44*g - 41*g - q = 0. Calculate b(g).
-8
Let x(t) = -t**3 - 1. Let j(v) = 4*v**3 - 5*v**2 - 6*v + 6. Let u(z) = -j(z) - 3*x(z). Let s(c) = c - 26. Let g be s(-17). Let l = 49 + g. Give u(l).
-3
Let r(b) = 13*b**2 - 19*b + 45. Let s(t) = 3*t**2 - t. Let c(k) = r(k) - 4*s(k). Let l be c(10). Let q(x) = 2 - x**2 + 0 + 2*x**2 + 7*x. Determine q(l).
-8
Suppose 4*o = 26 - 10. Suppose -4*i - 2 = 2*q, 25 = 2*q - 7*i + 2*i. Let a(w) = 181*w + o - 179*w - q. What is a(1)?
1
Let z(p) = -p**3 - 11*p**2 - 4. Let a be (-48)/(39/(-6) - -5) + 5. Suppose 2*b = 3*v + a, -7*v - 4*b - 3 = -6*v. Give z(v).
-4
Let y(s) = 11*s + 557. Let r(v) = 155*v - 5631. Let b be r(36). Determine y(b).
-4
Let p(l) = -7*l - 2658 + 2574 + 22*l + l + l**2. What is p(-21)?
21
Suppose -102 = -22*w + 5*w. Let d(r) = 2*r**2 - 3*r + r**3 + 11*r**2 + w - 6*r**2 - r**2. What is d(-5)?
46
Let u(g) be the first derivative of -45*g**2/2 - 2*g + 8236. Give u(-1).
43
Let b = -242 - -414. Suppose -5*d = b - 182. Let k(f) = -4 + 0*f**3 + 2 - f**3 - f**d - 2*f**2. Give k(-4).
14
Let v(k) be the first derivative of -5*k**3/3 + 5*k**2/2 + 12*k - 12875. Calculate v(2).
2
Let r(q) = 27*q - 7. Let z = -5642 + 5642. What is r(z)?
-7
Let r(q) = -748*q + 747. Let c be r(1). Let l(i) = -12*i - 17. Determine l(c).
-5
Let i(u) = 2*u**3 - 22*u**2 - 3*u - 8. Let o be i(11). Let m = 49 + o. Let b(c) = c + 1. Determine b(m).
9
Let n(x) = -9*x + 12. Let o be 26/4 - 10/20. Let f be n(o). Let s = f - -47. Let q(p) = p + 1. Determine q(s).
6
Let x be -1*(-6)/(1 + -2). Suppose 5*s - 3*j = 817 - 230, 3*j = -2*s + 239. Let o(v) = -9 + 117*v + s*v - 237*v. Determine o(x).
3
Let c(p) = 5*p**2 + 8*p + 90. Let m(a) = a**2 - a + 18. Let u(w) = -c(w) + 4*m(w). Determine u(-9).
9
Suppose -m = -6*m + 15. Let n(a) be the first derivative of 5/2*a**2 - 1/3*a**3 - 9 - 3*a. Calculate n(m).
3
Let f(r) = -3*r**2 + 12*r - 19. Let o = 43 - 51. Let u(a) = 5*a**2 - 18*a + 29. Let n(t) = o*f(t) - 5*u(t). What is n(-6)?
7
Let m(l) = -l**2 + 2*l + 5. Let x be 3/4 + (-83)/4. Let p be x/(-6 - -1) + 0. Suppose -2*y - 4 = 2*y + 4*u, -3*u + 1 = p*y. Calculate m(y).
-3
Let f(t) = -t - 4. Let x = 93 - 75. Suppose -4*j - x = -34. Calculate f(j).
-8
Let b(u) = -u**3 - 7*u**2 - 12*u - 7. Suppose -197*f - 6216 = -189*f. Let n = -782 - f. What is b(n)?
3
Let s(d) = d + 8. Let v(f) = 6 - 18*f + 8*f + 13*f + 11. Let g(w) = 9*s(w) - 4*v(w). Calculate g(2).
-2
Let l(h) = 37*h + 162. Let c be 4/26 + 5016/(-156) + 28. Give l(c).
14
Let w be 4/(60/87) + 1/5. Let v(m) = -m**2 + 10*m - 7. Suppose 0 = -5*x - 14 - 16. Let i(k) = -2*k**2 + 19*k - 13. Let c(t) = x*i(t) + 11*v(t). Calculate c(w).
13
Let o(c) = 1 + 12*c**2 + 7*c - 23*c**2 - 2 + 12*c**2. Give o(-4).
-13
Let a(s) be the first derivative of -s**3/3 + 3*s + 16. Suppose -3*m = 3*m - 36. Determine a(m).
-33
Let a(l) = 0 + 0 - 4 - 2*l**2 + 9*l. Let t(g) = -5*g**2 - 37*g - 10. Let y be t(-7). Let w be a(y). Let b(d) = -d + 8. Determine b(w).
8
Let c(u) be the third derivative of u**5/60 - u**4/4 - 605*u**2. Determine c(0).
0
Let d(a) = 2*a**3 - 5*a**2 - 2*a - 4. Let w(c) = c**3 - c**2 - 1. Let s be -4 + (-2*1)/(2/(-3)). Let f(o) = s*d(o) + 5*w(o). Give f(1).
4
Suppose z = 6*c - 3*c + 18, -c - 22 = -3*z. Let i(v) = v + 8*v**2 - 3*v**2 - v - 22*v**3 + 21*v**3 + 6*v. Give i(z).
0
Let i(p) be the second derivative of 5*p**3/3 + p**2 + 3*p + 146. Calculate i(-14).
-138
Let o(b) = 573*b - 572*b - 4 + b**2 + 3. Let a(r) = -4*r + 45. Let f be a(12). Give o(f).
5
Let k(z) be the first derivative of z**3/3 + 2*z**2 + 2*z - 13185. Suppose 6 = -2*y - 2. Determine k(y).
2
Let p(z) = -37*z**2 + 2*z - 2. Let i be (-34)/(-18) + 88/(-99). Give p(i).
-37
Let n be (-42)/273 + (-54)/(-13). Let p(y) = 4*y**2 + 358 - 361 - 6*y + n*y. Determine p(-2).
17
Let m(k) = -1. Let u(p) = -p - 4. Let x(y) = -2*m(y) + u(y). What is x(5)?
-7
Let g(u) = 39*u + 40. Let o(v) = 6*v + 9. Let x(r) = -2*g(r) + 11*o(r). Calculate x(10).
-101
Let b(y) be the first derivative of -y**4/4 - 10*y**3/3 - y**2 - 16*y - 3458. Determine b(-10).
4
Let c(j) = -23*j**2 - j - 1. Suppose -185*s = 29*s - 427 - 1. Calculate c(s).
-95
Suppose -2*q = -5*d + 52, 4*d - 25 = d - 5*q. Let u(m) = 2*m - 23. Determine u(d).
-3
Let r = 2 + 0. Let v(l) = 5*l + 30. Let z(n) = 6*n + 45. Let s(p) = -9*v(p) + 6*z(p). Determine s(r).
-18
Let h(p) = -5*p - 1486*p**2 + 3 + 2*p + 743*p**2 + 742*p**2. Suppose s = -3*y + 7, -2*y = y - 3*s - 3. What is h(y)?
-7
Suppose 3*s + 2 = 4*s. Let j(g) = 4*g + 4*g + g**3 + 9 + 2*g**2 + 6*g**s. Suppose -6 - 50 = 8*l. What is j(l)?
2
Let d(u) be the third derivative of -u**5/60 - u**4/6 - 2*u**3/3 - 3*u**2 - 104*u. What is d(-3)?
-1
Let r(z) = -z**3 - 5*z**2 + z + 6. Let c = 911 + -915. Let o be 2/c + (1 - 88/16). Give r(o).
1
Let d = 588 + -334. Let i = 244 - d. Let r(k) = -k**2 - 9*k + 8. What is r(i)?
-2
Let w(a) = -6*a**2 - 12 + a**3 + 5 + 9*a + 13 + 10 + 4. Let c(z) = 2*z**2 - 3*z - 7. Let f(n) = 11*c(n) + 4*w(n). Determine f(-2).
-43
Let x(l) = 2*l**2 - 19*l - 3. Suppose 4*z - q = 32, -823*z = -825*z - 5*q + 38. Determine x(z).
-12
Let i(a) = 66 + 71 + 69 - 207. Let j(s) be the first derivative of -s**2/2 + 5*s - 10. Let o(l) = -4*i(l) - j(l). Calculate o(-2).
-3
Let p(d) = 2*d - 4. Let j = -44 + 64. Suppose -9*b + 4*b - j = 0. Let l = b - -9. Determine p(l).
6
Suppose -5*y + p + 10 = 0, -5*y + 11*p = 13*p - 10. Let v(c) = 0*c + 3*c + 6 - y*c. Give v(-4).
2
Let i(b) = b - 16. Suppose 0 = 3*f - 6. Let s be 1 + -2*(-1)/1. Suppose 0 = -f*z + 5*m + 19, 23 = 3*z - s*m + m. Determine i(z).
-9
Let i(k) be the third derivative of -k**6/120 + k**5/12 + k**4/6 - 5*k**3/6 + 182*k**2 - 2*k + 1. Let c(w) = -w**2 + 5*w + 2. Let f be c(4). What is i(f)?
-17
Let a(s) = s**2 - 48*s + 253. Suppose -598 = -32*o - 83*o + 92. Calculate a(o).
1
Let f(h) = -24*h - 68. Let q be f(-3). Let d(t) = -95*t + 33*t - q + 26*t + t**2 + 34*t. Calculate d(6).
20
Let y(n) = -3*n - 18. Let w(f) = 3*f + 20. Let v(m) = 4*w(m) + 5*y(m). Determine v(3).
-19
Let h(k) = 927*k**2 - 1836*k**2 + 5 + 912*k**2 - 16*k. Calculate h(7).
40
Suppose -3*t + 893 = -5*c, 5*t - 498 = 3*c + 41. Let m = c + 169. Let y(w) = -w**2 - 11*w. Give y(m).
18
Let u(p) = -2801*p - 6*p**2 + p**3 - 3129*p + 5928*p + 3. Let x be (0 - -6) + (1 - 1). Calculate u(x).
-9
Let s(i) be the first derivative of -i**2 + 14*i - 2757. Give s(-9).
32
Let l(x) be the second derivative of x**4/6 - 5*x**3/6 - 11*x**2/2 - 1017*x. What is l(-2)?
7
Suppose 5*t - 3*b - 301 = 0, -2*b = 3*t - 107 - 85. Suppose 42*l - t*l + 140 = 0. Let f(m) = -m**2 + 3*m + 8. Determine f(l).
-20
Suppose 0 = -6*w + 71 - 17. Let z(b) = -b**2 + 24*b - 125. Let s be z(w). Let v(p) = -p**3 + 10*p**2 - 2*p + 13. Determine v(s).
-7
Let o(f) = -f**2 + 4*f - 8. Let p be 444/(-407)*22/(-6). Determine o(p).
-8
Suppose g - 3*g = 4*p - 16, -2*g - 2 = -5*p. Suppose 4*y = -g*l, -5*y + 3*l = 2*l + 12. Let m(t) = 3*t + 2. What is m(y)?
-4
Let i(f) = f**3 + 76*f**2 - 73*f + 312. Let b be i(-77). Let g(l) = l + 1. Let a(r) = -4*r - 8. Let c(t) = 3*a(t) + 21*g(t). Determine c(b).
33
Let g(b) = -4*b + 3. Let z(n) = -2*n**3 + 6*n**2 + 218*n + 23. Let i be z(-9). Determine g(i).
-17
Let g be 5 + -3 + (14 - 18). Let a(u) = -u**3 - 6*u**2 - 5*u - 1. Give a(g).
-7
Let b(o) = -999*o + 102900. Let f be b(103). Let a(z) be the second derivative of -z**4/4 + z**3/6 - z. Calculate a(f).
-24
Let c(k) be the second derivative of 1 + k**2 + 2*k + 1/2*k**3. Calculate c(-3).
-7
Let f(t) = -14*t**2 + 376*t - 936. Let r(w) = 32*w**2 - 859*w + 2140. Let b(y) = 41*f(y) + 18*r(y). Determ